e 1/3 - (-622)/6. Suppose 3*c = -4*q + 241, -3*q - 4126 + 3829 = -3*c. What is the highest common factor of c and i?
13
Suppose 0 = -15*k - 90*k - 23712 + 154227. What is the greatest common factor of k and 1017?
113
Suppose 6*d + 13*h = 15*h + 21008, 3*d - 10488 = 3*h. Calculate the highest common divisor of 288 and d.
48
Let r = 61 + -43. Let l be -128*(2/(-4))/(r/63). Calculate the greatest common factor of 96 and l.
32
Let q be 2/6*6*(0 + 1). Suppose -3*d = -q*g - 192, -2*d - 13*g + 12*g = -128. Calculate the highest common factor of 288 and d.
32
Let i = 2085 - 2031. Calculate the highest common factor of 774 and i.
18
Let y = -21760 - -21820. Calculate the greatest common factor of y and 19200.
60
Suppose -11*k + 83 + 447 = -735. What is the highest common factor of k and 46?
23
Let n be 0*(0 + 3 + (-16 - -14)). Let a = 14 - n. Let l be (-62 + -1)/(4/(-8)). Calculate the greatest common factor of a and l.
14
Let v(t) be the second derivative of t**3/6 + 273*t**2/2 - 33*t. Let b be v(31). Calculate the greatest common factor of b and 95.
19
Suppose -1 = r + p - 2*p, 5 = -2*r + 5*p. Suppose r = 2*c - 5*t - 43, 26*c - 23*c + t = 73. What is the greatest common divisor of c and 252?
12
Let d(y) = 7*y + 738. Let g be d(-77). Calculate the highest common factor of 6 and g.
1
Let l be (-4 - 2)*17/((-153)/12). Calculate the greatest common divisor of l and 568.
8
Let d(a) = 756*a - 5267. Let h be d(7). Calculate the greatest common factor of 675 and h.
25
Let c(g) = -2*g**3 + 65*g**2 + 32*g + 26. Let v be c(33). Let y be 92 + v + -4 + -7. What is the greatest common divisor of 333 and y?
37
Let s be (-3 + -21)*18/(-8). Let r = -21980 + 22052. Calculate the highest common factor of s and r.
18
Suppose -2*c + 20 = -134. Let w(t) = -t**3 - 194*t**2 - 580*t + 23. Let x be w(-3). What is the greatest common factor of c and x?
11
Let m be 45/252*39512 - (-4)/14. Calculate the highest common factor of m and 144.
144
Suppose 2*x - 18 = -2*g, g = -5*x - 1 - 6. Suppose -26*v + g*v = -91. What is the highest common divisor of v and 217?
7
Let w(s) = 166*s + 581. Let n be w(-3). Calculate the greatest common factor of n and 2241.
83
Suppose -36*t + 12 + 40 = -20. Calculate the greatest common divisor of 178 and t.
2
Let v(c) = -165*c + 21. Let r be v(-1). Let u = -94 + r. What is the greatest common factor of 161 and u?
23
Suppose -5*w - 91 + 47 = -v, v + 3*w - 76 = 0. What is the highest common factor of v and 26?
2
Suppose -4*c - 4*q = -6*c - 16, 2*c = -4*q + 24. Let o(y) = -30*y + 66. Let l be o(c). Calculate the highest common factor of 27 and l.
3
Let o be (-4)/5*1 - (-856)/20. Suppose -h = 2*t - 126 - 80, 3*h + 2*t = 598. What is the highest common divisor of h and o?
14
Let j = 155 - 136. Suppose 3*f - o = 320, f + j*o - 102 = 17*o. Calculate the highest common factor of 53 and f.
53
Let b be (-218)/12 + 12/72. Let r = 30 - b. Calculate the highest common factor of r and 108.
12
Let g = 1205 - -405. Calculate the highest common divisor of g and 345.
115
Let v be (-153)/(-6)*208/156. Calculate the greatest common factor of v and 697.
17
Let d be ((-50)/10)/(-10)*(0 + 42). Let b be (-6 - -1) + (d - -16). What is the greatest common factor of 8 and b?
8
Let o = -45 - -49. Suppose -o*g = -g + 15, 4*j + 3*g = 1. Suppose -2*m - 24 = -2*y, -2*y - m + 3 = j*m. What is the highest common factor of 9 and y?
9
Let i(x) = x**2 + 7*x - 5. Let q be i(5). Let j(v) = 9*v**2 + 4*v - 1. Let w be j(-1). Let o be -11*(-5 + w + 0). What is the highest common divisor of o and q?
11
Suppose 83 + 25 = -6*p. Let q = -16 - p. Suppose -q*b + 4 = -10. Calculate the highest common divisor of b and 7.
7
Suppose 2*u = -4*g + 6*g + 40, -5*g = 4*u - 71. Suppose 3*w + 3*r = -32 + 86, 60 = 3*w - 3*r. Calculate the greatest common divisor of w and u.
19
Let h be 1/(5/4*17/(-255)). Let x be (245 - 2/(-2)) + h/(-3). Calculate the greatest common divisor of 100 and x.
50
Let j be (-6)/(-14) + 159/(-63)*-3. Let d = 610 - 378. Calculate the highest common divisor of j and d.
8
Suppose 46*u - 124*u + 936 = 0. What is the greatest common divisor of u and 2682?
6
Let d be 4/18 - 75/(-27). Suppose r + 2*r = 2*y - 31, 39 = 3*y - d*r. Let b be (-11)/44*-4 + (-75)/((-15)/3). What is the greatest common factor of y and b?
8
Suppose b - 5*b = -8. Let n be (28 - (6 - -10)) + 116. Calculate the greatest common divisor of b and n.
2
Let g(h) = -2*h**3 - 12*h**2 - 10*h - 13. Let o be g(-8). Suppose -3*f + 2*w = -o, 5*w = f - 128 + 3. What is the greatest common divisor of f and 140?
35
Let c be -4*3/((-6)/17). Let x(v) = v**2 + 22*v + 76. Let k be x(-4). What is the highest common factor of c and k?
2
Suppose -21681 + 20956 = -25*f. What is the highest common divisor of 78 and f?
1
Let n be (-2790)/(-63) - 2/7. Suppose h + 10 = n. Let v = h - -14. What is the greatest common factor of 384 and v?
48
Let d = -3410 - -4346. What is the greatest common factor of 10062 and d?
234
Let r be 0 - ((-1805)/55 - (-4)/(-22)). Suppose 0 = 10*p - 943 + 393. Calculate the greatest common factor of p and r.
11
Suppose -4*f + 7 = -q, 4 + 12 = 5*q - 3*f. Let u = 145 + q. Let w(b) = -5*b + 10. Let i be w(-4). Calculate the highest common divisor of i and u.
30
Let u(v) = -6*v + 24. Let i be u(3). Suppose -6*b = -210 + i. Let o(j) = j**2 + 3*j + 7. Let t be o(-5). What is the highest common divisor of t and b?
17
Let w(d) = 2*d**3 + 52*d**2 + 17*d + 24. Let g be w(-25). Suppose -9*y + g = -96. What is the greatest common factor of 140 and y?
35
Let z(l) = 2*l**3 + 35*l**2 - 20*l - 36. Let h be z(-18). Suppose h = 7*o + 14*o - 11424. Calculate the greatest common divisor of o and 64.
32
Suppose 5*x - 1069 = 5*d + 1246, 4*x - 5*d = 1850. Let z be ((-2)/(-15))/(-1) + 10292/x. Calculate the greatest common divisor of 16 and z.
2
Let h = -63 + 69. Suppose -25*v - h = -31*v. Calculate the highest common divisor of 23 and v.
1
Let f be 38/(-6)*(-20 + -1). Suppose 2755 = 16*c + 3*c. Let x = 164 - c. What is the highest common divisor of f and x?
19
Suppose -3*x = 2*g - 8276, 1596*x = 1595*x + 2*g + 2740. Calculate the greatest common divisor of x and 544.
34
Let a(d) = -9*d + 22. Suppose 2*t + 7 - 11 = 0. Let n be a(t). Calculate the greatest common divisor of n and 116.
4
Suppose -4*a + 29*a - 330 = -41*a. Let k = 146 - 101. What is the greatest common divisor of a and k?
5
Suppose -5*g + 801 - 1 = 0. Suppose -g*y - 1680 = -170*y. Calculate the greatest common factor of y and 48.
24
Let u(m) = 4*m - 43. Let o be u(12). Suppose -22 = -4*w - o*y + 30, 4*y = w - 13. Calculate the greatest common factor of w and 1456.
13
Let x be 78/1521*26913 + (-2)/(-26)*-2. What is the greatest common divisor of 3588 and x?
276
Let m = -381 - -271. Let d = 132 + m. Let k = 29 - 18. Calculate the highest common factor of d and k.
11
Suppose -100 + 40 = -5*p. Let z(g) = -g**3 + 30*g**2 - 28 - 13*g**2 + 10*g + 10*g. Let o be z(18). What is the highest common factor of p and o?
4
Let t = -210 - -570. Suppose -7*x = -13*x + t. Calculate the greatest common factor of 20 and x.
20
Let a be (-9)/(-2 + -34) + 14577/12. Calculate the highest common factor of 15 and a.
15
Let s be 93/(-12) - 2/8. Let z = 20 + s. Let i be 11/2*-2*(-21744)/4983. Calculate the highest common divisor of z and i.
12
Let s be (-4)/2 - (7 - 9). Suppose s = f + 4*f. Suppose 4*w - 7*w + 888 = f. Calculate the highest common factor of w and 37.
37
Let x = -12970 + 13004. Let l(u) = -39*u - 3. Let n be l(-4). Calculate the greatest common factor of n and x.
17
Suppose 5*q + 0*q = 410. Let d = q + 3. Calculate the greatest common factor of d and 1445.
85
Let t(k) = 26*k - 3. Let s be t(2). Suppose 3*x - 5*q = 6*x + 75, -5*x - 159 = -3*q. Let z = x + s. Calculate the highest common factor of 76 and z.
19
Let t be 4*(-171)/(-6) + 3 + 4. Let m be ((-1)/2)/(6/(-132)). What is the greatest common divisor of m and t?
11
Let c be (10 + (-17)/2)/(2/16). Suppose -g = -1 - 0. Let f be (-2)/(g*1/(-6)). Calculate the highest common factor of c and f.
12
Suppose -2*p + 43 = l, -32 = 4*l - 12. Suppose 2*h - 5*d - 216 = 0, -5*h - 5*d + 444 + 96 = 0. Calculate the greatest common divisor of h and p.
12
Let t = 7280 - 7196. What is the highest common factor of t and 1204?
28
Let v(j) = -j**3 - 15*j